, 7
What are the prime factors of 25?
5
List the prime factors of 19414.
2, 17, 571
What are the prime factors of 22020?
2, 3, 5, 367
List the prime factors of 14370.
2, 3, 5, 479
What are the prime factors of 10136?
2, 7, 181
What are the prime factors of 30664?
2, 3833
List the prime factors of 3225.
3, 5, 43
What are the prime factors of 303?
3, 101
List the prime factors of 938.
2, 7, 67
What are the prime factors of 815?
5, 163
What are the prime factors of 42782?
2, 21391
List the prime factors of 774.
2, 3, 43
List the prime factors of 6541.
31, 211
What are the prime factors of 206758?
2, 19, 5441
What are the prime factors of 38539?
17, 2267
What are the prime factors of 12216?
2, 3, 509
List the prime factors of 3915.
3, 5, 29
What are the prime factors of 2177?
7, 311
List the prime factors of 3714.
2, 3, 619
List the prime factors of 42893.
59, 727
List the prime factors of 3902.
2, 1951
What are the prime factors of 38004?
2, 3, 3167
List the prime factors of 583.
11, 53
List the prime factors of 952.
2, 7, 17
What are the prime factors of 25879?
7, 3697
List the prime factors of 1993.
1993
List the prime factors of 31470.
2, 3, 5, 1049
List the prime factors of 31452.
2, 3, 2621
What are the prime factors of 108?
2, 3
List the prime factors of 9688.
2, 7, 173
List the prime factors of 31938.
2, 3, 5323
List the prime factors of 668.
2, 167
What are the prime factors of 17088?
2, 3, 89
List the prime factors of 1687.
7, 241
List the prime factors of 7142.
2, 3571
List the prime factors of 8390.
2, 5, 839
List the prime factors of 5942.
2, 2971
List the prime factors of 45591.
3, 7, 13, 167
List the prime factors of 577.
577
List the prime factors of 37187.
41, 907
List the prime factors of 251.
251
What are the prime factors of 144969?
3, 11, 23, 191
List the prime factors of 63386.
2, 41, 773
List the prime factors of 13492.
2, 3373
What are the prime factors of 8130?
2, 3, 5, 271
What are the prime factors of 274?
2, 137
What are the prime factors of 25095?
3, 5, 7, 239
What are the prime factors of 114018?
2, 3, 31, 613
What are the prime factors of 7263?
3, 269
List the prime factors of 23167.
23167
List the prime factors of 4638.
2, 3, 773
What are the prime factors of 6513?
3, 13, 167
List the prime factors of 3329.
3329
What are the prime factors of 6757?
29, 233
List the prime factors of 30663.
3, 3407
What are the prime factors of 4337?
4337
List the prime factors of 2042.
2, 1021
List the prime factors of 19107.
3, 11, 193
List the prime factors of 33674.
2, 113, 149
What are the prime factors of 30582?
2, 3, 1699
List the prime factors of 1945.
5, 389
List the prime factors of 143115.
3, 5, 7, 29, 47
What are the prime factors of 6087?
3, 2029
List the prime factors of 15324.
2, 3, 1277
List the prime factors of 11655.
3, 5, 7, 37
List the prime factors of 16511.
11, 19, 79
List the prime factors of 5550.
2, 3, 5, 37
List the prime factors of 12551.
7, 11, 163
List the prime factors of 59207.
59207
What are the prime factors of 2956?
2, 739
What are the prime factors of 2738?
2, 37
List the prime factors of 1544.
2, 193
What are the prime factors of 7217?
7, 1031
What are the prime factors of 265?
5, 53
What are the prime factors of 1537?
29, 53
What are the prime factors of 280?
2, 5, 7
List the prime factors of 5081.
5081
What are the prime factors of 7012?
2, 1753
What are the prime factors of 667?
23, 29
What are the prime factors of 6575?
5, 263
What are the prime factors of 55159?
13, 4243
What are the prime factors of 303?
3, 101
List the prime factors of 103291.
103291
What are the prime factors of 1309?
7, 11, 17
List the prime factors of 2153.
2153
List the prime factors of 1225.
5, 7
What are the prime factors of 939?
3, 313
What are the prime factors of 2097?
3, 233
List the prime factors of 21676.
2, 5419
List the prime factors of 118738.
2, 59369
List the prime factors of 10547.
53, 199
List the prime factors of 46532.
2, 11633
What are the prime factors of 3822?
2, 3, 7, 13
What are the prime factors of 1494?
2, 3, 83
List the prime factors of 8507.
47, 181
List the prime factors of 36958.
2, 17, 1087
List the prime factors of 817.
19, 43
What are the prime factors of 12528?
2, 3, 29
List the prime factors of 1477.
7, 211
List the prime factors of 5509.
7, 787
What are the prime factors of 3058?
2, 11, 139
What are the prime factors of 115?
5, 23
List the prime factors of 2810.
2, 5, 281
List the prime factors of 111403.
101, 1103
What are the prime factors of 182?
2, 7, 13
List the prime factors of 44829.
3, 17, 293
List the prime factors of 120836.
2, 17, 1777
What are the prime factors of 25789?
17, 37, 41
List the prime factors of 1924.
2, 13, 37
List the prime factors of 2459.
2459
What are the prime factors of 2845?
5, 569
What are the prime factors of 11585?
5, 7, 331
List the prime factors of 24033.
3, 8011
List the prime factors of 563.
563
What are the prime factors of 1687?
7, 241
List the prime factors of 749.
7, 107
What are the prime factors of 143998?
2, 71999
List the prime factors of 1522.
2, 761
What are the prime factors of 159?
3, 53
List the prime factors of 409.
409
What are the prime factors of 47367?
3, 19, 277
List the prime factors of 1906.
2, 953
What are the prime factors of 42?
2, 3, 7
What are the prime factors of 133352?
2, 79, 211
List the prime factors of 17194.
2, 8597
List the prime factors of 2592.
2, 3
What are the prime factors of 4837?
7, 691
What are the prime factors of 167?
167
What are the prime factors of 34809?
3, 41, 283
List the prime factors of 18945.
3, 5, 421
List the prime factors of 1101.
3, 367
What are the prime factors of 39320?
2, 5, 983
What are the prime factors of 1022?
2, 7, 73
List the prime factors of 10.
2, 5
List the prime factors of 37422.
2, 3, 7, 11
What are the prime factors of 741?
3, 13, 19
What are the prime factors of 38625?
3, 5, 103
What are the prime factors of 10464?
2, 3, 109
What are the prime factors of 2818?
2, 1409
What are the prime factors of 1594?
2, 797
List the prime factors of 9873.
3, 1097
List the prime factors of 3299.
3299
What are the prime factors of 4319?
7, 617
What are the prime factors of 142?
2, 71
What are the prime factors of 13694?
2, 41, 167
List the prime factors of 3473.
23, 151
List the prime factors of 8808.
2, 3, 367
What are the prime factors of 14133?
3, 7, 673
List the prime factors of 25197.
3, 37, 227
List the prime factors of 694.
2, 347
List the prime factors of 92.
2, 23
What are the prime factors of 3526?
2, 41, 43
What are the prime factors of 47081?
23, 89
List the prime factors of 690.
2, 3, 5, 23
List the prime factors of 79124.
2, 131, 151
List the prime factors of 12509.
7, 1787
What are the prime factors of 3283?
7, 67
List the prime factors of 4645.
5, 929
List the prime factors of 21537.
3, 2393
List the prime factors of 5189.
5189
What are the prime factors of 22985?
5, 4597
List the prime factors of 3343.
3343
What are the prime factors of 47442?
2, 3, 7907
List the prime factors of 16405.
5, 17, 193
What are the prime factors of 2019?
3, 673
What are the prime factors of 3045?
3, 5, 7, 29
What are the prime factors of 12927?
3, 31, 139
List the prime factors of 804.
2, 3, 67
What are the prime factors of 2157?
3, 719
List the prime factors of 14255.
5, 2851
What are the prime factors of 935?
5, 11, 17
What are the prime factors of 3996?
2, 3, 37
What are the prime factors of 11943?
3, 1327
What are the prime factors of 3146?
2, 11, 13
What are the prime factors of 71250?
2, 3, 5, 19
What are the prime factors of 1766?
2, 883
List the prime factors of 126747.
3, 14083
What are the prime factors of 15680?
2, 5, 7
What are the prime factors of 5482?
2, 2741
List the prime factors of 142086.
2, 3, 7, 17, 199
What are the prime factors of 85248?
2, 3, 37
What are the prime factors of 13128?
2, 3, 547
List the prime factors of 16633.
16633
What are the prime factors of 2025?
3, 5
What are the prime factors of 22082?
2, 61, 181
What are the prime factors of 43974?
2, 3, 7, 349
List the prime factors of 2108.
2, 17, 31
List the prime factors of 1481.
1481
List the prime factors of 764.
2, 191
What are the prime factors of 2317?
7, 331
List the prime factors of 1192.
2, 149
What are 